ose l - 5*l = 3*y - 42634, 5*y = -5*l + 53290. Suppose 0 = -3*o - 3*w + l + 17165, 3*w = o - 9259. Is o a prime number?
False
Suppose -2*f + 8 = 0, 2*f - 18 = -5*m - 0*f. Suppose -m*v = 256 - 3194. Suppose -v = -3*a - 2*j, -4*j + 1758 - 293 = 3*a. Is a composite?
False
Let i = 9711534 + -6171211. Is i composite?
False
Suppose 0 = 5*x + 5, 8*n = 3*n - 3*x + 205852. Suppose n = 12*d - 6433. Is d prime?
True
Suppose 16 = 2*g - 0*g. Suppose 90535 = g*a + 11*a. Is a prime?
False
Suppose 667003 + 16407 = 14*t. Suppose -24*f + 27097 = -t. Is f prime?
True
Suppose 0*s + 39413 = 4*c - s, 4*s = -4. Suppose -11*w + 6196 = -c. Is w composite?
False
Is 104/(-156) - (-62650)/6 a prime number?
False
Let l(y) = 21180*y**2 + 164*y - 17. Is l(2) a composite number?
True
Let g(i) = 63136*i**2 - 2569*i - 7. Is g(4) prime?
False
Is 63/21 - 3 - -78779 a composite number?
False
Let z be ((9/(-4))/3)/(2/(-8)). Let s(c) = 4*c**3 - 17*c**2 + 5*c - 1. Let d be s(4). Suppose f - 1504 = -d*j + 567, -1366 = -2*j + z*f. Is j a prime number?
False
Let k(y) = y**3 + 10*y**2 - 12*y - 3. Suppose p + 33 = -2*p - 3*a, 3*a = -2*p - 22. Let u be k(p). Is ((-1795)/2 + -2)/(u/(-16)) composite?
True
Suppose 5*x - 3*o = 391589, 15*o - 391605 = -5*x + 20*o. Is x prime?
False
Let g be (-3)/27*-6*-18. Let q(s) = -2*s**3 - 2*s**2 - 17*s - 7. Let p be q(g). Suppose p = -9*l + 14*l. Is l a prime number?
True
Let i(l) = -l**3 - 4*l**2 + 3*l - 3. Let h be (-2)/(-6)*(-84)/(-4). Suppose -3*f - 19 = -u, f + 2*u = h*u - 11. Is i(f) a composite number?
True
Let w = -41 - -55. Is 3684/w + ((-432)/(-63) - 7) a composite number?
False
Suppose 3*z = 6*z - 0*z. Suppose z = -k - 6*t + t + 494, -993 = -2*k - 5*t. Is k a composite number?
False
Let c be (3/(-6) - -2)/((-4)/(-1264)). Let u be 0/43*((-2 - -1) + 0). Suppose -c = -4*y - x, y + 5*x - 2*x - 124 = u. Is y composite?
True
Suppose 48*n - 47*n - y - 35943 = 0, 2*n = -y + 71883. Is n composite?
True
Let g(c) = -29*c + 2 + 0 + 1 - 65*c. Let j be (4/12 - 4/3)*1. Is g(j) a prime number?
True
Let s(k) = 92687*k - 730. Is s(7) prime?
True
Let o = 35 - 43. Let g = o - -15. Let q(j) = 299*j + 8. Is q(g) composite?
True
Suppose 0 = g - 4*x - 34765, 6*g - 4*x = 8*g - 69578. Is g a prime number?
True
Let u(n) = -n**3 + 18*n**2 - 21*n + 32. Let z be u(-17). Suppose -2*s - 3*i + i = -z, 6 = -2*i. Is s prime?
False
Let u = -70 - -71. Let g be -4 + 1 + 8 + -2*u. Suppose -g*n - 864 + 5385 = 0. Is n composite?
True
Let s(u) = 264*u**2 + 11*u - 79. Suppose 19*f - 34 = 80. Is s(f) a prime number?
True
Suppose 50*c + 77389 = 53*c + 3604. Is c a composite number?
True
Let n(k) = 29523*k - 758. Is n(9) prime?
True
Suppose -12*z + 9*z - 12 = -2*i, -2*z + 2*i - 8 = 0. Let q(j) = 965*j**2 - 2*j - 5. Is q(z) a prime number?
True
Let w(v) = 456*v**3 - 2*v**2 + 8*v - 7. Suppose -g = 4*y - 6, 2*y + 2 = g - 4*g. Is w(y) a composite number?
True
Is 2 - (-2*(4/1 - 6) + -122245) prime?
False
Suppose 81756 = 32*h - 26*h. Suppose 0 = -0*i - 6*i + h. Is i a composite number?
True
Let q = 68 - 150. Let p = q + 86. Suppose -5*s - 25 = 0, w - p*s = 1447 + 230. Is w prime?
True
Suppose 4*n = -2*f + 951002, 50*n = 53*n + 5*f - 713248. Is n prime?
False
Suppose 0 = -58*n + 210*n - 531696. Suppose -3*k + 1971 = 498. Let l = n + k. Is l a composite number?
False
Let j(w) = 3*w + 2. Let v be j(4). Suppose 625 = v*d - 9*d. Suppose d = -10*t + 1395. Is t composite?
False
Suppose 5*c = -b + 505869, -3*b = 4*c - 1102247 - 415382. Is b prime?
False
Is (-374)/55*(-7)/((-42)/(-1836645)) a prime number?
False
Let g(u) = u**3 + 39*u**2 - 1022*u + 127. Is g(45) a prime number?
False
Let c(s) = -s**3 - 2*s**2 + s - 1. Let y(j) = -4*j**3 - 16*j**2 + 20. Let a(h) = -3*c(h) + y(h). Is a(-20) prime?
False
Is 2/3*-16316*126/(-168) prime?
False
Let h(l) = -l**2 + 9*l. Let p be h(9). Suppose p = 2*k - 2*g - 6118, 5*k - 21160 = -3*g - 5849. Is k composite?
False
Let p = -14 - -46. Suppose -2*s + p = 28. Suppose -5*b = -5*c - 5365, -5*b - s*c = -0*b - 5337. Is b a composite number?
False
Suppose -3*w = -5*i + 290233, -58033 = -36*i + 35*i + 4*w. Is i composite?
False
Is (-782)/(-46) + 150690 + 0 a prime number?
True
Suppose 5*j - 2*m = 6697, -5*j + 8*j - 4016 = -m. Suppose y - j + 48 = -4*k, y - k - 1281 = 0. Is y composite?
False
Let a be ((-300)/(-4))/(-5) - -1. Is (a - -6418)*(-2)/(-8) a prime number?
True
Let f(v) = -380*v**3 - 9*v**2 - 14*v. Is f(-3) a prime number?
False
Let r be 0/(19/6 + (-10)/60). Suppose 0 = 4*x - r*x + 3*v + 3824, v - 2855 = 3*x. Is (2 - 3)/(1/x) a composite number?
False
Let q be 1 - (-2)/3*(521 - -1). Suppose -3*k + q = -605. Let j = k + -209. Is j composite?
False
Let j(m) = 19966*m**2 - 12*m + 8. Is j(3) a composite number?
True
Suppose 73*r = 17*r + 869512. Is r a composite number?
False
Is (54/72 - 3)/((-6)/249752) composite?
True
Suppose -18958 = -3*y + 10*r + 20495, 2*y = 4*r + 26318. Is y a prime number?
True
Let w(y) be the second derivative of -y**4/3 - y**3/6 + 17*y**2/2 + 7*y. Let j(k) = -5*k**2 + 16. Let u(q) = -6*j(q) + 5*w(q). Is u(-6) composite?
False
Is (1 - 1/6) + 96206145/306 + -1 composite?
False
Suppose -58176874 = -20*u + 41577466. Is u composite?
True
Let z(d) = -d**2 - 4*d + 10. Let v be z(-11). Let c = v + 64. Is 17/(c/18*(1 - 3)) a composite number?
True
Let d = 332 + -312. Is d/(-15)*(-1773)/6 prime?
False
Let b = 18531 + 106742. Is b prime?
False
Let a(j) = 32*j**3 - j - 2. Let z be a(-2). Suppose 10*t = 36*t - 3666. Let d = t - z. Is d a composite number?
False
Let c(t) = -t**3 + 2*t + 2. Let r be c(-2). Suppose -r = 3*o - 21. Suppose 2103 + 2332 = o*y. Is y composite?
False
Let b(d) = 1318*d**2 + 8*d + 259. Is b(12) prime?
True
Let l = -122667 + 177754. Is l a prime number?
False
Let g(u) = 19383*u - 83. Is g(8) prime?
True
Let w be 0 - (-52)/(-10)*(-17 + -8). Suppose -3*o = w - 25. Let v = 132 + o. Is v a composite number?
False
Let u be (285/3)/1*(-10)/(-10). Suppose -94*o = -u*o + 8999. Is o prime?
True
Is 44/(-110) - (11117435/(-25) - 1*4) a composite number?
False
Let g(n) = -31*n**3 + 8*n**2 + 37*n + 165. Is g(-13) composite?
False
Let k(l) = -4*l**3 - 1. Let f be k(-1). Suppose 0 = -f*u + s + 13716, -2*u - 3*u = 2*s - 22849. Is u a prime number?
False
Suppose -3*l = -2*r + 20 - 18, 4*l + 3*r = -14. Suppose -3*u + 4*i - 3022 = 0, i = 4*u - 3*i + 4028. Is u/(-4) - (0 + (-1)/l) prime?
True
Suppose -5*p = 5*f, 10 = 3*p - 21*f + 22*f. Suppose 0 = -2*s + 5*c + 12078, -10*s + p*s + 5*c = -30165. Is s a prime number?
True
Suppose -6*r + 1035 = -11*r. Let p = r - -1326. Is (-10 + p)*(1/(-1) - -2) prime?
True
Suppose -v + 482919 = 25*v + 25*v. Is v composite?
True
Suppose 4*o - 2221 - 7835 = 0. Suppose -2813*s + 2819*s = o. Is s a prime number?
True
Suppose 28*y - 4*y = 3*y + 12563691. Is y a composite number?
True
Let s = -201 - -187. Let y(m) = -m**3 - 12*m**2 + 4*m - 1. Is y(s) a composite number?
True
Let s = 1472 + 4367. Is s a composite number?
False
Let w be -27 + (-4 - 30/(-5)). Let l = -19 - w. Is l/8 + -2*10770/(-16) composite?
True
Let n(t) = t**3 + 13*t**2 - 6*t + 7. Let b be n(-10). Suppose -b = 3*h - 1807. Let d = 1471 - h. Is d prime?
True
Is (-133)/(-95) - -215052*132/90 a composite number?
True
Is ((-4233135)/(-30))/((-3)/(-6)) composite?
True
Let h(l) = l + 4. Let j be h(0). Suppose -j*f + 2*f + 5*k = 1960, 3*k - 6 = 0. Let q = 112 - f. Is q a prime number?
True
Suppose 7*b - 8*b = 0, 4*c + 3*b = -c + 136805. Is c a prime number?
True
Let l(g) = -344*g - 106. Let s(t) = -2*t + 3. Let p(z) = -l(z) - 4*s(z). Is p(4) composite?
True
Let l = -53 + 56. Suppose -13*r = 5*g - 8*r - 4340, -2586 = -l*g + 3*r. Is g composite?
True
Let u = 561561 - 210670. Is u a composite number?
False
Suppose 2*n + 17 = 37. Is ((-10522)/n)/((-18)/90) a prime number?
True
Let m(a) = -5*a - 11. Let c be 2 - 1 - (91 - (-2 + -2)). Let u = c - -88. Is m(u) composite?
False
Suppose 4*p + 784 = 2*a - 284, 0 = -5*a - 3*p + 2670. Suppose -34*b + 21*b + 14*b + 323 = 0. Let h = b + a. Is h composite?
False
Let j be (21/(-14))/((-6)/20). Suppose 4*z = -j*g + 28868, 6*g + 4*z - 23096 = 2*g. Suppose 0 = 3*s - 10461 - g. Is s a composite number?
True
Suppose -3 = -2*j + 21. Let w = j - 12. Suppose w = -3*g - 2575 + 7108. Is g composite?
False
Is (-7)/1 + (105451 + -1 - -2) a 